or of 5 and q.
5
Let g(i) = 13*i**3 + i**2 - i - 1. Let k be g(2). What is the greatest common divisor of k and 21?
21
Let a(f) = 10*f**3 - f**2 + f. Let o be a(1). Calculate the highest common factor of 5 and o.
5
Let z(y) = 9*y + 35. Let h(k) = -6*k - 23. Let b be 2 + 4 + 4 + -2. Let c(s) = b*h(s) + 5*z(s). Let i be c(-6). What is the greatest common factor of 9 and i?
9
Let c = -28 - -72. Calculate the highest common factor of 4 and c.
4
Suppose v = -o - 0*v, 5*o = -2*v + 6. Let m = 3 - 3. Suppose -804 = -5*f - 2*n, m = -f + 2*n + 154 + o. What is the greatest common factor of 20 and f?
20
Suppose 0 + 15 = 3*k. Suppose 0 = 2*r - 7*t + 3*t - 22, k*t = 4*r - 50. Calculate the highest common factor of r and 3.
3
Let f be (-122)/(-4) + 3/(-2) + 3. Let q be ((-96)/9)/((-2)/6). What is the highest common divisor of f and q?
32
Suppose 32*n + 473 = 1497. Suppose 4*v - 14 = 5*v. Let p = v - -22. Calculate the highest common factor of n and p.
8
Let l be -3*(3 + 52/(-6)). What is the greatest common factor of l and 17?
17
Suppose 4*t + 41 = v, 177 + 67 = 4*v + 4*t. What is the highest common divisor of v and 38?
19
Suppose 4*y + 4 - 40 = 0. What is the highest common factor of 171 and y?
9
Let w(t) = t. Let b(p) = -3*p + 4. Let k(y) = -b(y) - 2*w(y). Let c be k(6). Suppose c*f = 18 + 8. What is the greatest common factor of 13 and f?
13
Let a be 0 - (0 - (-1 - -23)). What is the greatest common factor of a and 88?
22
Let r(h) = 2*h**2 - 4. Let j be r(4). Suppose 0 = 4*m - 31 - 61. Suppose 5*g - m = 47. What is the greatest common divisor of j and g?
14
Suppose s + 330 = 6*s. Suppose 2*a = 5*a + s. Let n = a + 31. Calculate the greatest common divisor of n and 36.
9
Let f(o) = 3*o**2 + 2 - 3*o**2 - 3*o**2 + 2*o**3 - 5*o. Let j be (-2)/(-6) + (-16)/(-6). Let i be f(j). Calculate the greatest common factor of 112 and i.
14
Suppose 8*t - 90 = 7*t. What is the highest common divisor of 15 and t?
15
Let f = -5 + 11. Suppose 0 = -2*j + f*j - b - 4, 5*j + 5*b = 30. Suppose -13*y + 2 = -12*y. Calculate the highest common divisor of j and y.
2
Let x(h) = h**3 - 7*h**2 - h - 6. Let i be x(8). What is the greatest common divisor of i and 75?
25
Let y(z) be the second derivative of -z**3/6 + 2*z**2 + z. Suppose -g - 4*g - 15 = 0. Let s be y(g). Calculate the highest common factor of 21 and s.
7
Let m(j) = -j - 1. Let o be m(-3). Suppose 3*u + 2*f = 11, 2*u + 0*f = f - o. What is the greatest common divisor of 4 and u?
1
Let s(j) = -3*j**3 - j**2 - 1. Let b be s(-2). Suppose -63 = -z - b. Calculate the greatest common factor of 110 and z.
22
Suppose 11 = 2*u + 7. Let k be u/(-3) + 11/3. Calculate the highest common factor of k and 9.
3
Let s be -6 - 0*3/(-9). Let t be ((-8)/(-3))/(2/s). Let o = t - -18. What is the highest common factor of o and 110?
10
Let r be 232/12 + (-4)/(-6). Let x be (r/(-6))/((-18)/189). Calculate the highest common divisor of 7 and x.
7
Let g = 8 + -6. Let p(m) = 5*m - 3. Let v be p(g). Let y = v - 4. Calculate the highest common factor of 6 and y.
3
Suppose -7*g - 30 = -9*g. Let d = 150 + 15. Calculate the highest common divisor of g and d.
15
Let q = 1 - -62. Suppose -5*z = -5*f - 25, -8 + 44 = 4*z + 4*f. Calculate the highest common divisor of q and z.
7
Suppose -2*p + 31 = 4*s - 9, -5*p = -s - 89. Calculate the highest common divisor of 324 and p.
18
Let c(b) = b**3 + 9*b**2 + 5*b - 21. Let l be c(-8). What is the highest common factor of l and 72?
3
Let q = -16 - -42. Let u be 3/((-1)/13*-1). What is the highest common factor of u and q?
13
Let u(h) = -h**2 + 4. Let v be u(0). What is the highest common divisor of v and 16?
4
Suppose -4*q - 5*w + 31 + 541 = 0, 5*q - 715 = -4*w. Calculate the highest common divisor of 11 and q.
11
Let m = 135 + -83. Suppose -3*s = -213 - 21. Calculate the greatest common divisor of m and s.
26
Let u be (107 - -1)*6/8. Let j(b) = b + 2. Let a be j(-8). Let p be 8/(-6)*u/a. What is the greatest common divisor of p and 12?
6
Suppose 7 = 6*a + 1. Suppose -b = -56 + a. Calculate the highest common divisor of 5 and b.
5
Suppose -1 = 4*a + h, -a - 7*h - 4 = -3*h. Suppose -j - 4*c + 20 = a, 3*j - 33 = -c - 2*c. What is the highest common divisor of 16 and j?
8
Let l be 18/24 + (-27)/(-12). Let i = 58 + -25. What is the highest common divisor of l and i?
3
Suppose -3*c - c + 4*k - 128 = 0, -20 = 5*k. Let w be c*(1 - 1 - 1). Suppose -25*m - 108 = -27*m. Calculate the highest common divisor of w and m.
18
Let p be (-3)/((-30)/184) - (-4)/(-10). Suppose -4*c + 700 = 5*r, 2*r = 3*c + 146 + 157. What is the highest common divisor of p and r?
18
Let d = -1 - 0. Let b = 6 - d. Let n be 484/8 - (-10)/4. What is the highest common divisor of b and n?
7
Let a be 5/(50/48)*5. Suppose -p + a = 2*p. What is the greatest common divisor of 16 and p?
8
Suppose -88 = -7*t + 3*t. What is the greatest common factor of t and 55?
11
Suppose -4*h + 2*s + 78 = 0, 3*h - 41 = 2*s + 3*s. Calculate the highest common factor of 66 and h.
22
Let f be 17 + (-6)/((-4)/(-8)*-3). What is the greatest common factor of 7 and f?
7
Suppose 4*a - 6 - 10 = 0. Let v be 506/10 - (-2)/5. Suppose -4*n + v - 3 = 0. What is the greatest common divisor of a and n?
4
Suppose -n + 112 = n. What is the greatest common divisor of n and 8?
8
Let b(k) = k**3 - 10*k**2 - 10*k + 1. Let f be (-92)/(-8) + (-3)/6. Let v be b(f). What is the greatest common factor of 18 and v?
6
Suppose 4*a + n = 2*a + 3, -9 = -2*a + n. Let x be (-10)/a*132/(-5). What is the highest common factor of x and 22?
22
Let m be 106/4 + 2/(-4). Let r = m - 16. What is the highest common factor of r and 30?
10
Let q = -72 + 147. Let v = -12 + 16. Suppose v*x + x = 75. What is the greatest common factor of q and x?
15
Let p(r) = 5*r + 33. Let b be p(-6). What is the highest common factor of 27 and b?
3
Let x be ((-3)/(-4))/((-3)/72). Let z = 22 + x. What is the greatest common divisor of z and 4?
4
Let x(a) = a**3 - 2*a**2 - 8*a + 6. Let g(m) = m - 1. Let f(t) = 2*g(t) + x(t). Let j be f(4). Calculate the highest common divisor of j and 24.
12
Let d be (-2)/(-1) + -2 + 2. Let n be d - 2 - (-2 + -1). Suppose n*q - 330 = -5*w, 4*w - 114 = 3*q + 150. Calculate the highest common factor of w and 6.
6
Let j = 489 + -225. What is the highest common factor of j and 24?
24
Suppose -23 = -2*a + 27. Calculate the greatest common divisor of 325 and a.
25
Let c(a) = 7*a**2 + 4*a + 4. Suppose 11 = -3*w - x, 0 = 3*w - 3*x - 6 - 3. Let m be c(w). What is the highest common divisor of 60 and m?
12
Suppose 0 = 2*c + 9 - 55. Let l(t) = t. Let v(o) = 3*o - 9. Let f(k) = -3*l(k) - v(k). Let y be f(-10). What is the greatest common factor of c and y?
23
Suppose i = -0*g + 2*g - 7, 0 = -3*i + 4*g - 11. Let d = 32 + -17. Suppose 0 = -3*c + d, -a + i*a - 3*c = 17. Calculate the highest common factor of a and 2.
2
Suppose r + 4*i = 60, 4*i = -i + 10. Let n = -30 + r. Suppose 4*q + 41 = 261. What is the highest common factor of q and n?
11
Let c(a) = a**3 + 10*a**2 + 8*a + 4. Let u be c(-9). Calculate the greatest common factor of 39 and u.
13
Let i be ((-10)/4)/(-1)*480/75. Calculate the greatest common divisor of i and 16.
16
Let x be (-1 - -3)*(-23)/(-2). Let q(r) = -3*r**3 + 2*r**2 + 5*r + 1. Let v be q(-2). What is the highest common divisor of x and v?
23
Suppose 4*a = -16, -y + 2*a = -59 - 4. What is the greatest common divisor of y and 11?
11
Let p = 41 + -23. Suppose c = -3, -4*n + 3*n + 2*c = -12. What is the highest common divisor of n and p?
6
Let r = -6 - -11. Suppose m + 54 = 2*y, -62 = -2*y - m + 4*m. Suppose 2*s - 74 = -4*q, -q + 1 = -2*s - y. Calculate the highest common divisor of q and r.
5
Let o be 82/2 + (-3 - -2). Let d be o/16*36/10. What is the highest common factor of 99 and d?
9
Let q(b) = -b**3 + 13*b**2 - 11*b - 4. Let m be q(11). Calculate the greatest common factor of 13 and m.
13
Suppose 0 = -22*t + 26*t - 640. What is the highest common factor of 16 and t?
16
Let h = -255 + 465. Calculate the greatest common divisor of 42 and h.
42
Let j(r) = r**3 + 7*r**2 + 6*r + 5. Let l be j(-5). Suppose -2*h = 3*m - 20, -h = 5*m - 3*h - 60. What is the greatest common factor of m and l?
5
Let y(l) = -10*l**2 - l + 1. Let j be y(1). Let r be 22 + (-5)/(j/(-4)). What is the highest common factor 